{"id":47,"date":"2020-03-22T18:43:09","date_gmt":"2020-03-22T17:43:09","guid":{"rendered":"http:\/\/bern-art-cornet.fr\/?page_id=47"},"modified":"2020-04-24T22:41:55","modified_gmt":"2020-04-24T20:41:55","slug":"semi-abstrait","status":"publish","type":"page","link":"https:\/\/bern-art-cornet.fr\/?page_id=47","title":{"rendered":"01-Semi-Abstrait"},"content":{"rendered":"\n<!-- default-view.php -->\n<div\n\tclass=\"ngg-galleryoverview default-view \"\n\tid=\"ngg-gallery-5bde5c59d9753842439d2058f3474389-1\">\n\n\t\t<!-- Thumbnails -->\n\t\t\t\t<div id=\"ngg-image-0\" class=\"ngg-gallery-thumbnail-box \" >\n\t\t\t\t        <div class=\"ngg-gallery-thumbnail\">\n            <a href=\"https:\/\/bern-art-cornet.fr\/wp-content\/gallery\/01-semi-abstrait\/1_182-paysage-discret-1900x1335-comp70.jpg\"\n               title=\"182- Paysage discret - Huile - Acrylique - Crayon - 89 x 130 cm\"\n               data-src=\"https:\/\/bern-art-cornet.fr\/wp-content\/gallery\/01-semi-abstrait\/1_182-paysage-discret-1900x1335-comp70.jpg\"\n               data-thumbnail=\"https:\/\/bern-art-cornet.fr\/wp-content\/gallery\/01-semi-abstrait\/thumbs\/thumbs_1_182-paysage-discret-1900x1335-comp70.jpg\"\n               data-image-id=\"97\"\n               data-title=\"182- Paysage discret - Huile - Acrylique - Crayon - 89 x 130 cm\"\n               data-description=\"182- Paysage discret - Huile - Acrylique - Crayon - 89 x 130 cm\"\n               data-image-slug=\"1_182-paysage-discret-1900x1335-comp70\"\n               class=\"shutterset_5bde5c59d9753842439d2058f3474389\">\n                <img\n                    title=\"182- Paysage discret - Huile - Acrylique - Crayon - 89 x 130 cm\"\n                    alt=\"182- Paysage discret - Huile - Acrylique - Crayon - 89 x 130 cm\"\n                    src=\"https:\/\/bern-art-cornet.fr\/wp-content\/gallery\/01-semi-abstrait\/thumbs\/thumbs_1_182-paysage-discret-1900x1335-comp70.jpg\"\n                    width=\"160\"\n                    height=\"160\"\n                    style=\"max-width:100%;\"\n                \/>\n            <\/a>\n        <\/div>\n\t\t\t\t\t\t\t<\/div> \n\t\t\t\n\t\t\t\t<div id=\"ngg-image-1\" class=\"ngg-gallery-thumbnail-box \" >\n\t\t\t\t        <div class=\"ngg-gallery-thumbnail\">\n            <a href=\"https:\/\/bern-art-cornet.fr\/wp-content\/gallery\/01-semi-abstrait\/1_189-agglomerats-1900x1314-comp70.jpg\"\n               title=\"189 - Agglom\u00e9rats - Huile - 81 x 116 cm\"\n               data-src=\"https:\/\/bern-art-cornet.fr\/wp-content\/gallery\/01-semi-abstrait\/1_189-agglomerats-1900x1314-comp70.jpg\"\n               data-thumbnail=\"https:\/\/bern-art-cornet.fr\/wp-content\/gallery\/01-semi-abstrait\/thumbs\/thumbs_1_189-agglomerats-1900x1314-comp70.jpg\"\n               data-image-id=\"98\"\n               data-title=\"189 - Agglom\u00e9rats - Huile - 81 x 116 cm\"\n               data-description=\"189 - Agglom\u00e9rats - Huile - 81 x 116 cm\"\n               data-image-slug=\"1_189-agglomerats-1900x1314-comp70\"\n               class=\"shutterset_5bde5c59d9753842439d2058f3474389\">\n                <img\n                    title=\"189 - Agglom\u00e9rats - Huile - 81 x 116 cm\"\n                    alt=\"189 - Agglom\u00e9rats - Huile - 81 x 116 cm\"\n                    src=\"https:\/\/bern-art-cornet.fr\/wp-content\/gallery\/01-semi-abstrait\/thumbs\/thumbs_1_189-agglomerats-1900x1314-comp70.jpg\"\n                    width=\"160\"\n                    height=\"160\"\n                    style=\"max-width:100%;\"\n                \/>\n            <\/a>\n        <\/div>\n\t\t\t\t\t\t\t<\/div> \n\t\t\t\n\t\t\t\t<div id=\"ngg-image-2\" class=\"ngg-gallery-thumbnail-box \" >\n\t\t\t\t        <div class=\"ngg-gallery-thumbnail\">\n            <a href=\"https:\/\/bern-art-cornet.fr\/wp-content\/gallery\/01-semi-abstrait\/127-barque-decomposee-1070x1300-comp70.jpg\"\n               title=\"127 - Barque d\u00e9compos\u00e9e - Huile - 73 x 60 cm - Collection particuli\u00e8re\"\n               data-src=\"https:\/\/bern-art-cornet.fr\/wp-content\/gallery\/01-semi-abstrait\/127-barque-decomposee-1070x1300-comp70.jpg\"\n               data-thumbnail=\"https:\/\/bern-art-cornet.fr\/wp-content\/gallery\/01-semi-abstrait\/thumbs\/thumbs_127-barque-decomposee-1070x1300-comp70.jpg\"\n               data-image-id=\"93\"\n               data-title=\"127 - Barque d\u00e9compos\u00e9e - Huile - 73 x 60 cm - Collection particuli\u00e8re\"\n               data-description=\"127 - Barque d\u00e9compos\u00e9e - Huile - 73 x 60 cm - Collection particuli\u00e8re\"\n               data-image-slug=\"127-barque-decomposee-1070x1300-comp70\"\n               class=\"shutterset_5bde5c59d9753842439d2058f3474389\">\n                <img\n                    title=\"127 - Barque d\u00e9compos\u00e9e - Huile - 73 x 60 cm - Collection particuli\u00e8re\"\n                    alt=\"127 - Barque d\u00e9compos\u00e9e - Huile - 73 x 60 cm - Collection particuli\u00e8re\"\n                    src=\"https:\/\/bern-art-cornet.fr\/wp-content\/gallery\/01-semi-abstrait\/thumbs\/thumbs_127-barque-decomposee-1070x1300-comp70.jpg\"\n                    width=\"160\"\n                    height=\"160\"\n                    style=\"max-width:100%;\"\n                \/>\n            <\/a>\n        <\/div>\n\t\t\t\t\t\t\t<\/div> \n\t\t\t\n\t\t\t\t<div id=\"ngg-image-3\" class=\"ngg-gallery-thumbnail-box \" >\n\t\t\t\t        <div class=\"ngg-gallery-thumbnail\">\n            <a href=\"https:\/\/bern-art-cornet.fr\/wp-content\/gallery\/01-semi-abstrait\/134-coquelicots-978x1300-comp70.jpg\"\n               title=\"134 - Coquelicots - Huile - 81 x 60 cm\"\n               data-src=\"https:\/\/bern-art-cornet.fr\/wp-content\/gallery\/01-semi-abstrait\/134-coquelicots-978x1300-comp70.jpg\"\n               data-thumbnail=\"https:\/\/bern-art-cornet.fr\/wp-content\/gallery\/01-semi-abstrait\/thumbs\/thumbs_134-coquelicots-978x1300-comp70.jpg\"\n               data-image-id=\"94\"\n               data-title=\"134 - Coquelicots - Huile - 81 x 60 cm\"\n               data-description=\"134 - Coquelicots - Huile - 81 x 60 cm\"\n               data-image-slug=\"134-coquelicots-978x1300-comp70\"\n               class=\"shutterset_5bde5c59d9753842439d2058f3474389\">\n                <img\n                    title=\"134 - Coquelicots - Huile - 81 x 60 cm\"\n                    alt=\"134 - Coquelicots - Huile - 81 x 60 cm\"\n                    src=\"https:\/\/bern-art-cornet.fr\/wp-content\/gallery\/01-semi-abstrait\/thumbs\/thumbs_134-coquelicots-978x1300-comp70.jpg\"\n                    width=\"160\"\n                    height=\"160\"\n                    style=\"max-width:100%;\"\n                \/>\n            <\/a>\n        <\/div>\n\t\t\t\t\t\t\t<\/div> \n\t\t\t\n\t\t\t\t<div id=\"ngg-image-4\" class=\"ngg-gallery-thumbnail-box \" >\n\t\t\t\t        <div class=\"ngg-gallery-thumbnail\">\n            <a href=\"https:\/\/bern-art-cornet.fr\/wp-content\/gallery\/01-semi-abstrait\/141-ascension-965x1300-comp.jpg\"\n               title=\"141 - Ascension - Huile - 81 x 60 cm\"\n               data-src=\"https:\/\/bern-art-cornet.fr\/wp-content\/gallery\/01-semi-abstrait\/141-ascension-965x1300-comp.jpg\"\n               data-thumbnail=\"https:\/\/bern-art-cornet.fr\/wp-content\/gallery\/01-semi-abstrait\/thumbs\/thumbs_141-ascension-965x1300-comp.jpg\"\n               data-image-id=\"92\"\n               data-title=\"141 - Ascension - Huile - 81 x 60 cm\"\n               data-description=\"141 - Ascension - Huile - 81 x 60 cm\"\n               data-image-slug=\"141-ascension-965x1300-comp\"\n               class=\"shutterset_5bde5c59d9753842439d2058f3474389\">\n                <img\n                    title=\"141 - Ascension - Huile - 81 x 60 cm\"\n                    alt=\"141 - Ascension - Huile - 81 x 60 cm\"\n                    src=\"https:\/\/bern-art-cornet.fr\/wp-content\/gallery\/01-semi-abstrait\/thumbs\/thumbs_141-ascension-965x1300-comp.jpg\"\n                    width=\"160\"\n                    height=\"160\"\n                    style=\"max-width:100%;\"\n                \/>\n            <\/a>\n        <\/div>\n\t\t\t\t\t\t\t<\/div> \n\t\t\t\n\t\t\t\t<div id=\"ngg-image-5\" class=\"ngg-gallery-thumbnail-box \" >\n\t\t\t\t        <div class=\"ngg-gallery-thumbnail\">\n            <a href=\"https:\/\/bern-art-cornet.fr\/wp-content\/gallery\/01-semi-abstrait\/144-regard-1045x1300-comp70.jpg\"\n               title=\"144 - Regard - Huile - 81 x 65 cm\"\n               data-src=\"https:\/\/bern-art-cornet.fr\/wp-content\/gallery\/01-semi-abstrait\/144-regard-1045x1300-comp70.jpg\"\n               data-thumbnail=\"https:\/\/bern-art-cornet.fr\/wp-content\/gallery\/01-semi-abstrait\/thumbs\/thumbs_144-regard-1045x1300-comp70.jpg\"\n               data-image-id=\"96\"\n               data-title=\"144 - Regard - Huile - 81 x 65 cm\"\n               data-description=\"144 - Regard - Huile - 81 x 65 cm\"\n               data-image-slug=\"144-regard-1045x1300-comp70\"\n               class=\"shutterset_5bde5c59d9753842439d2058f3474389\">\n                <img\n                    title=\"144 - Regard - Huile - 81 x 65 cm\"\n                    alt=\"144 - Regard - Huile - 81 x 65 cm\"\n                    src=\"https:\/\/bern-art-cornet.fr\/wp-content\/gallery\/01-semi-abstrait\/thumbs\/thumbs_144-regard-1045x1300-comp70.jpg\"\n                    width=\"160\"\n                    height=\"160\"\n                    style=\"max-width:100%;\"\n                \/>\n            <\/a>\n        <\/div>\n\t\t\t\t\t\t\t<\/div> \n\t\t\t\n\t\t\t\t<div id=\"ngg-image-6\" class=\"ngg-gallery-thumbnail-box \" >\n\t\t\t\t        <div class=\"ngg-gallery-thumbnail\">\n            <a href=\"https:\/\/bern-art-cornet.fr\/wp-content\/gallery\/01-semi-abstrait\/145-Iris-1900x1383-comp70.jpg\"\n               title=\"145 - Iris - Huile - 54 x 73 cm\"\n               data-src=\"https:\/\/bern-art-cornet.fr\/wp-content\/gallery\/01-semi-abstrait\/145-Iris-1900x1383-comp70.jpg\"\n               data-thumbnail=\"https:\/\/bern-art-cornet.fr\/wp-content\/gallery\/01-semi-abstrait\/thumbs\/thumbs_145-Iris-1900x1383-comp70.jpg\"\n               data-image-id=\"95\"\n               data-title=\"145 - Iris - Huile - 54 x 73 cm\"\n               data-description=\"145 - Iris - Huile - 54 x 73 cm\"\n               data-image-slug=\"145-iris-1900x1383-comp70\"\n               class=\"shutterset_5bde5c59d9753842439d2058f3474389\">\n                <img\n                    title=\"145 - Iris - Huile - 54 x 73 cm\"\n                    alt=\"145 - Iris - Huile - 54 x 73 cm\"\n                    src=\"https:\/\/bern-art-cornet.fr\/wp-content\/gallery\/01-semi-abstrait\/thumbs\/thumbs_145-Iris-1900x1383-comp70.jpg\"\n                    width=\"160\"\n                    height=\"160\"\n                    style=\"max-width:100%;\"\n                \/>\n            <\/a>\n        <\/div>\n\t\t\t\t\t\t\t<\/div> \n\t\t\t\n\t\t\t\t<div id=\"ngg-image-7\" class=\"ngg-gallery-thumbnail-box \" >\n\t\t\t\t        <div class=\"ngg-gallery-thumbnail\">\n            <a href=\"https:\/\/bern-art-cornet.fr\/wp-content\/gallery\/01-semi-abstrait\/174-grand-large-1900x1326-comp70.jpg\"\n               title=\"\"\n               data-src=\"https:\/\/bern-art-cornet.fr\/wp-content\/gallery\/01-semi-abstrait\/174-grand-large-1900x1326-comp70.jpg\"\n               data-thumbnail=\"https:\/\/bern-art-cornet.fr\/wp-content\/gallery\/01-semi-abstrait\/thumbs\/thumbs_174-grand-large-1900x1326-comp70.jpg\"\n               data-image-id=\"259\"\n               data-title=\"174 - Grand large - Huile - 81 x 116 cm\"\n               data-description=\"\"\n               data-image-slug=\"174-grand-large-1900x1326-comp70-1\"\n               class=\"shutterset_5bde5c59d9753842439d2058f3474389\">\n                <img\n                    title=\"174 - Grand large - Huile - 81 x 116 cm\"\n                    alt=\"174 - Grand large - Huile - 81 x 116 cm\"\n                    src=\"https:\/\/bern-art-cornet.fr\/wp-content\/gallery\/01-semi-abstrait\/thumbs\/thumbs_174-grand-large-1900x1326-comp70.jpg\"\n                    width=\"160\"\n                    height=\"160\"\n                    style=\"max-width:100%;\"\n                \/>\n            <\/a>\n        <\/div>\n\t\t\t\t\t\t\t<\/div> \n\t\t\t\n\t\t\t\t<div id=\"ngg-image-8\" class=\"ngg-gallery-thumbnail-box \" >\n\t\t\t\t        <div class=\"ngg-gallery-thumbnail\">\n            <a href=\"https:\/\/bern-art-cornet.fr\/wp-content\/gallery\/01-semi-abstrait\/199-transparence-1900x1300-comp70.jpg\"\n               title=\"199 - Transparence - Huile - 50 x 73 cm\"\n               data-src=\"https:\/\/bern-art-cornet.fr\/wp-content\/gallery\/01-semi-abstrait\/199-transparence-1900x1300-comp70.jpg\"\n               data-thumbnail=\"https:\/\/bern-art-cornet.fr\/wp-content\/gallery\/01-semi-abstrait\/thumbs\/thumbs_199-transparence-1900x1300-comp70.jpg\"\n               data-image-id=\"99\"\n               data-title=\"199 - Transparence - Huile - 50 x 73 cm\"\n               data-description=\"199 - Transparence - Huile - 50 x 73 cm\"\n               data-image-slug=\"199-transparence-1900x1300-comp70\"\n               class=\"shutterset_5bde5c59d9753842439d2058f3474389\">\n                <img\n                    title=\"199 - Transparence - Huile - 50 x 73 cm\"\n                    alt=\"199 - Transparence - Huile - 50 x 73 cm\"\n                    src=\"https:\/\/bern-art-cornet.fr\/wp-content\/gallery\/01-semi-abstrait\/thumbs\/thumbs_199-transparence-1900x1300-comp70.jpg\"\n                    width=\"160\"\n                    height=\"160\"\n                    style=\"max-width:100%;\"\n                \/>\n            <\/a>\n        <\/div>\n\t\t\t\t\t\t\t<\/div> \n\t\t\t\n\t\t\t\t<div id=\"ngg-image-9\" class=\"ngg-gallery-thumbnail-box \" >\n\t\t\t\t        <div class=\"ngg-gallery-thumbnail\">\n            <a href=\"https:\/\/bern-art-cornet.fr\/wp-content\/gallery\/01-semi-abstrait\/200-glaces-sur-l-erdre-961x1300-comp70.jpg\"\n               title=\"200 - Glaces sur l&#039;Erdre - Huile - 81 x 60 cm\"\n               data-src=\"https:\/\/bern-art-cornet.fr\/wp-content\/gallery\/01-semi-abstrait\/200-glaces-sur-l-erdre-961x1300-comp70.jpg\"\n               data-thumbnail=\"https:\/\/bern-art-cornet.fr\/wp-content\/gallery\/01-semi-abstrait\/thumbs\/thumbs_200-glaces-sur-l-erdre-961x1300-comp70.jpg\"\n               data-image-id=\"100\"\n               data-title=\"200 - Glaces sur l&#039;Erdre - Huile - 81 x 60 cm\"\n               data-description=\"200 - Glaces sur l&#039;Erdre - Huile - 81 x 60 cm\"\n               data-image-slug=\"200-glaces-sur-l-erdre-961x1300-comp70-1\"\n               class=\"shutterset_5bde5c59d9753842439d2058f3474389\">\n                <img\n                    title=\"200 - Glaces sur l&#039;Erdre - Huile - 81 x 60 cm\"\n                    alt=\"200 - Glaces sur l&#039;Erdre - Huile - 81 x 60 cm\"\n                    src=\"https:\/\/bern-art-cornet.fr\/wp-content\/gallery\/01-semi-abstrait\/thumbs\/thumbs_200-glaces-sur-l-erdre-961x1300-comp70.jpg\"\n                    width=\"160\"\n                    height=\"160\"\n                    style=\"max-width:100%;\"\n                \/>\n            <\/a>\n        <\/div>\n\t\t\t\t\t\t\t<\/div> \n\t\t\t\n\t\t\t\t<div id=\"ngg-image-10\" class=\"ngg-gallery-thumbnail-box \" >\n\t\t\t\t        <div class=\"ngg-gallery-thumbnail\">\n            <a href=\"https:\/\/bern-art-cornet.fr\/wp-content\/gallery\/01-semi-abstrait\/45-vertige-1064x1300-comp70.jpg\"\n               title=\"45 - Vertige - Huile - 61 x 50 cm\"\n               data-src=\"https:\/\/bern-art-cornet.fr\/wp-content\/gallery\/01-semi-abstrait\/45-vertige-1064x1300-comp70.jpg\"\n               data-thumbnail=\"https:\/\/bern-art-cornet.fr\/wp-content\/gallery\/01-semi-abstrait\/thumbs\/thumbs_45-vertige-1064x1300-comp70.jpg\"\n               data-image-id=\"91\"\n               data-title=\"45 - Vertige - Huile - 61 x 50 cm\"\n               data-description=\"45 - Vertige - Huile - 61 x 50 cm\"\n               data-image-slug=\"45-vertige-1064x1300-comp70\"\n               class=\"shutterset_5bde5c59d9753842439d2058f3474389\">\n                <img\n                    title=\"45 - Vertige - Huile - 61 x 50 cm\"\n                    alt=\"45 - Vertige - Huile - 61 x 50 cm\"\n                    src=\"https:\/\/bern-art-cornet.fr\/wp-content\/gallery\/01-semi-abstrait\/thumbs\/thumbs_45-vertige-1064x1300-comp70.jpg\"\n                    width=\"160\"\n                    height=\"160\"\n                    style=\"max-width:100%;\"\n                \/>\n            <\/a>\n        <\/div>\n\t\t\t\t\t\t\t<\/div> \n\t\t\t\n\t\n\t<br style=\"clear: both\" \/>\n\n\t\n\t\t<!-- Pagination -->\n\t<div class='ngg-clear'><\/div>\t<\/div>\n\n\n\n\n<p><\/p>\n","protected":false},"excerpt":{"rendered":"","protected":false},"author":1,"featured_media":0,"parent":0,"menu_order":0,"comment_status":"closed","ping_status":"closed","template":"","meta":{"ngg_post_thumbnail":0},"_links":{"self":[{"href":"https:\/\/bern-art-cornet.fr\/index.php?rest_route=\/wp\/v2\/pages\/47"}],"collection":[{"href":"https:\/\/bern-art-cornet.fr\/index.php?rest_route=\/wp\/v2\/pages"}],"about":[{"href":"https:\/\/bern-art-cornet.fr\/index.php?rest_route=\/wp\/v2\/types\/page"}],"author":[{"embeddable":true,"href":"https:\/\/bern-art-cornet.fr\/index.php?rest_route=\/wp\/v2\/users\/1"}],"replies":[{"embeddable":true,"href":"https:\/\/bern-art-cornet.fr\/index.php?rest_route=%2Fwp%2Fv2%2Fcomments&post=47"}],"version-history":[{"count":21,"href":"https:\/\/bern-art-cornet.fr\/index.php?rest_route=\/wp\/v2\/pages\/47\/revisions"}],"predecessor-version":[{"id":512,"href":"https:\/\/bern-art-cornet.fr\/index.php?rest_route=\/wp\/v2\/pages\/47\/revisions\/512"}],"wp:attachment":[{"href":"https:\/\/bern-art-cornet.fr\/index.php?rest_route=%2Fwp%2Fv2%2Fmedia&parent=47"}],"curies":[{"name":"wp","href":"https:\/\/api.w.org\/{rel}","templated":true}]}}